{"id":684,"date":"2020-11-13T16:29:18","date_gmt":"2020-11-13T16:29:18","guid":{"rendered":"https:\/\/dulceselsombreron.com\/nuevo\/?post_type=product&#038;p=684"},"modified":"2026-01-05T05:14:45","modified_gmt":"2026-01-05T05:14:45","slug":"cafe-con-leche-1-lb","status":"publish","type":"product","link":"https:\/\/dulceselsombreron.com\/nuevo\/tienda\/cafe-con-leche-1-lb\/","title":{"rendered":"Caf\u00e9 con Leche"},"content":{"rendered":"<p>El regalo m\u00e1s rico que nos daban nuestros abuelitos al recibirnos en casa, la perfecta combinaci\u00f3n de caf\u00e9 con leche.<br \/>\nPresentaci\u00f3n 1 lb (454 gramos)<\/p>\n","protected":false},"excerpt":{"rendered":"<p>El regalo m\u00e1s rico que nos daban nuestros abuelitos al recibirnos en casa, la perfecta combinaci\u00f3n de caf\u00e9 con leche. Presentaci\u00f3n 1 lb (454 gramos)<\/p>\n","protected":false},"featured_media":1678,"template":"","meta":{"nf_dc_page":""},"product_brand":[],"product_cat":[40],"product_tag":[64,58],"class_list":{"0":"post-684","1":"product","2":"type-product","3":"status-publish","4":"has-post-thumbnail","6":"product_cat-dulces","7":"product_tag-cafe","8":"product_tag-leche","10":"first","11":"instock","12":"taxable","13":"shipping-taxable","14":"purchasable","15":"product-type-simple"},"jetpack_sharing_enabled":true,"_links":{"self":[{"href":"https:\/\/dulceselsombreron.com\/nuevo\/wp-json\/wp\/v2\/product\/684","targetHints":{"allow":["GET"]}}],"collection":[{"href":"https:\/\/dulceselsombreron.com\/nuevo\/wp-json\/wp\/v2\/product"}],"about":[{"href":"https:\/\/dulceselsombreron.com\/nuevo\/wp-json\/wp\/v2\/types\/product"}],"wp:featuredmedia":[{"embeddable":true,"href":"https:\/\/dulceselsombreron.com\/nuevo\/wp-json\/wp\/v2\/media\/1678"}],"wp:attachment":[{"href":"https:\/\/dulceselsombreron.com\/nuevo\/wp-json\/wp\/v2\/media?parent=684"}],"wp:term":[{"taxonomy":"product_brand","embeddable":true,"href":"https:\/\/dulceselsombreron.com\/nuevo\/wp-json\/wp\/v2\/product_brand?post=684"},{"taxonomy":"product_cat","embeddable":true,"href":"https:\/\/dulceselsombreron.com\/nuevo\/wp-json\/wp\/v2\/product_cat?post=684"},{"taxonomy":"product_tag","embeddable":true,"href":"https:\/\/dulceselsombreron.com\/nuevo\/wp-json\/wp\/v2\/product_tag?post=684"}],"curies":[{"name":"wp","href":"https:\/\/api.w.org\/{rel}","templated":true}]}}