{"id":507,"date":"2020-10-12T21:31:51","date_gmt":"2020-10-12T21:31:51","guid":{"rendered":"https:\/\/dulceselsombreron.com\/nuevo\/?post_type=product&#038;p=507"},"modified":"2026-01-05T05:44:07","modified_gmt":"2026-01-05T05:44:07","slug":"turron-vaso-4-onzas","status":"publish","type":"product","link":"https:\/\/dulceselsombreron.com\/nuevo\/tienda\/turron-vaso-4-onzas\/","title":{"rendered":"Turr\u00f3n"},"content":{"rendered":"<p>Te aseguramos que jam\u00e1s haz probado un turr\u00f3n como el nuestro. La mejor combinaci\u00f3n de az\u00facar, miel y huevo.<br \/>\nVaso de 4 onzas.<\/p>\n","protected":false},"excerpt":{"rendered":"<p>Te aseguramos que jam\u00e1s haz probado un turr\u00f3n como el nuestro. La mejor combinaci\u00f3n de az\u00facar, miel y huevo. Vaso de 4 onzas.<\/p>\n","protected":false},"featured_media":1661,"template":"","meta":{"nf_dc_page":""},"product_brand":[],"product_cat":[40],"product_tag":[50],"class_list":{"0":"post-507","1":"product","2":"type-product","3":"status-publish","4":"has-post-thumbnail","6":"product_cat-dulces","7":"product_tag-miel","9":"first","10":"instock","11":"taxable","12":"shipping-taxable","13":"purchasable","14":"product-type-simple"},"jetpack_sharing_enabled":true,"_links":{"self":[{"href":"https:\/\/dulceselsombreron.com\/nuevo\/wp-json\/wp\/v2\/product\/507","targetHints":{"allow":["GET"]}}],"collection":[{"href":"https:\/\/dulceselsombreron.com\/nuevo\/wp-json\/wp\/v2\/product"}],"about":[{"href":"https:\/\/dulceselsombreron.com\/nuevo\/wp-json\/wp\/v2\/types\/product"}],"wp:featuredmedia":[{"embeddable":true,"href":"https:\/\/dulceselsombreron.com\/nuevo\/wp-json\/wp\/v2\/media\/1661"}],"wp:attachment":[{"href":"https:\/\/dulceselsombreron.com\/nuevo\/wp-json\/wp\/v2\/media?parent=507"}],"wp:term":[{"taxonomy":"product_brand","embeddable":true,"href":"https:\/\/dulceselsombreron.com\/nuevo\/wp-json\/wp\/v2\/product_brand?post=507"},{"taxonomy":"product_cat","embeddable":true,"href":"https:\/\/dulceselsombreron.com\/nuevo\/wp-json\/wp\/v2\/product_cat?post=507"},{"taxonomy":"product_tag","embeddable":true,"href":"https:\/\/dulceselsombreron.com\/nuevo\/wp-json\/wp\/v2\/product_tag?post=507"}],"curies":[{"name":"wp","href":"https:\/\/api.w.org\/{rel}","templated":true}]}}