{"id":429,"date":"2020-08-07T21:49:57","date_gmt":"2020-08-07T21:49:57","guid":{"rendered":"https:\/\/dulceselsombreron.com\/nuevo\/?post_type=product&#038;p=429"},"modified":"2026-01-05T05:55:30","modified_gmt":"2026-01-05T05:55:30","slug":"chilacayote-en-miel","status":"publish","type":"product","link":"https:\/\/dulceselsombreron.com\/nuevo\/tienda\/chilacayote-en-miel\/","title":{"rendered":"Chilacayote en Miel"},"content":{"rendered":"<p>\u00a1Una delicia! Famoso en muchas familias de nuestro pa\u00eds, ya que es perfecto para compartir y poder disfrutar del sabor \u00fanico que tiene est\u00e9 con \u00fanicamente un poco de az\u00facar.<\/p>\n","protected":false},"excerpt":{"rendered":"<p>\u00a1Una delicia! Famoso en muchas familias de nuestro pa\u00eds, ya que es perfecto para compartir y poder disfrutar del sabor \u00fanico que tiene est\u00e9 con \u00fanicamente un poco de az\u00facar.<\/p>\n","protected":false},"featured_media":1695,"template":"","meta":{"nf_dc_page":""},"product_brand":[],"product_cat":[40],"product_tag":[59,50],"class_list":{"0":"post-429","1":"product","2":"type-product","3":"status-publish","4":"has-post-thumbnail","6":"product_cat-dulces","7":"product_tag-chilacayote","8":"product_tag-miel","10":"first","11":"instock","12":"taxable","13":"shipping-taxable","14":"purchasable","15":"product-type-simple"},"jetpack_sharing_enabled":true,"_links":{"self":[{"href":"https:\/\/dulceselsombreron.com\/nuevo\/wp-json\/wp\/v2\/product\/429","targetHints":{"allow":["GET"]}}],"collection":[{"href":"https:\/\/dulceselsombreron.com\/nuevo\/wp-json\/wp\/v2\/product"}],"about":[{"href":"https:\/\/dulceselsombreron.com\/nuevo\/wp-json\/wp\/v2\/types\/product"}],"wp:featuredmedia":[{"embeddable":true,"href":"https:\/\/dulceselsombreron.com\/nuevo\/wp-json\/wp\/v2\/media\/1695"}],"wp:attachment":[{"href":"https:\/\/dulceselsombreron.com\/nuevo\/wp-json\/wp\/v2\/media?parent=429"}],"wp:term":[{"taxonomy":"product_brand","embeddable":true,"href":"https:\/\/dulceselsombreron.com\/nuevo\/wp-json\/wp\/v2\/product_brand?post=429"},{"taxonomy":"product_cat","embeddable":true,"href":"https:\/\/dulceselsombreron.com\/nuevo\/wp-json\/wp\/v2\/product_cat?post=429"},{"taxonomy":"product_tag","embeddable":true,"href":"https:\/\/dulceselsombreron.com\/nuevo\/wp-json\/wp\/v2\/product_tag?post=429"}],"curies":[{"name":"wp","href":"https:\/\/api.w.org\/{rel}","templated":true}]}}