{"id":388,"date":"2020-08-07T20:39:48","date_gmt":"2020-08-07T20:39:48","guid":{"rendered":"https:\/\/dulceselsombreron.com\/nuevo\/?product=trataria-de-pia-y-coco"},"modified":"2026-01-05T06:00:20","modified_gmt":"2026-01-05T06:00:20","slug":"trataria-de-pia-y-coco","status":"publish","type":"product","link":"https:\/\/dulceselsombreron.com\/nuevo\/tienda\/trataria-de-pia-y-coco\/","title":{"rendered":"Tartarita de Pi\u00f1a y Coco"},"content":{"rendered":"<p>Tartarita de pi\u00f1a y coco: jugosas y crujientes. Tarta hecha a base de harina, huevos y az\u00facar rellena de coco y pi\u00f1a.<\/p>\n","protected":false},"excerpt":{"rendered":"<p>Tartarita de pi\u00f1a y coco: jugosas y crujientes. Tarta hecha a base de harina, huevos y az\u00facar rellena de coco y pi\u00f1a.<\/p>\n","protected":false},"featured_media":1561,"template":"","meta":{"nf_dc_page":""},"product_brand":[],"product_cat":[40],"product_tag":[42,56,55],"class_list":{"0":"post-388","1":"product","2":"type-product","3":"status-publish","4":"has-post-thumbnail","6":"product_cat-dulces","7":"product_tag-coco","8":"product_tag-pina","9":"product_tag-tartarita","11":"first","12":"instock","13":"taxable","14":"shipping-taxable","15":"purchasable","16":"product-type-simple"},"jetpack_sharing_enabled":true,"_links":{"self":[{"href":"https:\/\/dulceselsombreron.com\/nuevo\/wp-json\/wp\/v2\/product\/388","targetHints":{"allow":["GET"]}}],"collection":[{"href":"https:\/\/dulceselsombreron.com\/nuevo\/wp-json\/wp\/v2\/product"}],"about":[{"href":"https:\/\/dulceselsombreron.com\/nuevo\/wp-json\/wp\/v2\/types\/product"}],"wp:featuredmedia":[{"embeddable":true,"href":"https:\/\/dulceselsombreron.com\/nuevo\/wp-json\/wp\/v2\/media\/1561"}],"wp:attachment":[{"href":"https:\/\/dulceselsombreron.com\/nuevo\/wp-json\/wp\/v2\/media?parent=388"}],"wp:term":[{"taxonomy":"product_brand","embeddable":true,"href":"https:\/\/dulceselsombreron.com\/nuevo\/wp-json\/wp\/v2\/product_brand?post=388"},{"taxonomy":"product_cat","embeddable":true,"href":"https:\/\/dulceselsombreron.com\/nuevo\/wp-json\/wp\/v2\/product_cat?post=388"},{"taxonomy":"product_tag","embeddable":true,"href":"https:\/\/dulceselsombreron.com\/nuevo\/wp-json\/wp\/v2\/product_tag?post=388"}],"curies":[{"name":"wp","href":"https:\/\/api.w.org\/{rel}","templated":true}]}}