{"id":2738,"date":"2026-02-03T21:58:55","date_gmt":"2026-02-03T21:58:55","guid":{"rendered":"https:\/\/dulceselsombreron.com\/nuevo\/?post_type=product&#038;p=2738"},"modified":"2026-03-19T20:20:26","modified_gmt":"2026-03-19T20:20:26","slug":"pelotitas-chapinas","status":"publish","type":"product","link":"https:\/\/dulceselsombreron.com\/nuevo\/tienda\/pelotitas-chapinas\/","title":{"rendered":"Pelotitas Chapinas"},"content":{"rendered":"<p>Cajita surtida con: tamarindo, guayaba, mazap\u00e1n almendra y dulce de leche. La combinaci\u00f3n perfecta de los dulces m\u00e1s tradicionales.<\/p>\n","protected":false},"excerpt":{"rendered":"<p>Cajita surtida con: tamarindo, guayaba, mazap\u00e1n almendra y dulce de leche. La combinaci\u00f3n perfecta de los dulces m\u00e1s tradicionales.<\/p>\n","protected":false},"featured_media":2585,"template":"","meta":{"nf_dc_page":""},"product_brand":[],"product_cat":[90],"product_tag":[],"class_list":{"0":"post-2738","1":"product","2":"type-product","3":"status-publish","4":"has-post-thumbnail","6":"product_cat-especiales","8":"first","9":"instock","10":"taxable","11":"shipping-taxable","12":"purchasable","13":"product-type-simple"},"jetpack_sharing_enabled":true,"_links":{"self":[{"href":"https:\/\/dulceselsombreron.com\/nuevo\/wp-json\/wp\/v2\/product\/2738","targetHints":{"allow":["GET"]}}],"collection":[{"href":"https:\/\/dulceselsombreron.com\/nuevo\/wp-json\/wp\/v2\/product"}],"about":[{"href":"https:\/\/dulceselsombreron.com\/nuevo\/wp-json\/wp\/v2\/types\/product"}],"wp:featuredmedia":[{"embeddable":true,"href":"https:\/\/dulceselsombreron.com\/nuevo\/wp-json\/wp\/v2\/media\/2585"}],"wp:attachment":[{"href":"https:\/\/dulceselsombreron.com\/nuevo\/wp-json\/wp\/v2\/media?parent=2738"}],"wp:term":[{"taxonomy":"product_brand","embeddable":true,"href":"https:\/\/dulceselsombreron.com\/nuevo\/wp-json\/wp\/v2\/product_brand?post=2738"},{"taxonomy":"product_cat","embeddable":true,"href":"https:\/\/dulceselsombreron.com\/nuevo\/wp-json\/wp\/v2\/product_cat?post=2738"},{"taxonomy":"product_tag","embeddable":true,"href":"https:\/\/dulceselsombreron.com\/nuevo\/wp-json\/wp\/v2\/product_tag?post=2738"}],"curies":[{"name":"wp","href":"https:\/\/api.w.org\/{rel}","templated":true}]}}