{"id":1137,"date":"2023-10-12T21:58:36","date_gmt":"2023-10-12T21:58:36","guid":{"rendered":"https:\/\/dulceselsombreron.com\/nuevo\/?post_type=product&#038;p=1137"},"modified":"2026-01-05T04:40:51","modified_gmt":"2026-01-05T04:40:51","slug":"caja-el-sombreron-ilustrada","status":"publish","type":"product","link":"https:\/\/dulceselsombreron.com\/nuevo\/tienda\/caja-el-sombreron-ilustrada\/","title":{"rendered":"El Sombrer\u00f3n"},"content":{"rendered":"<p>Cajita surtida con: tamarindo, guayaba, coco, dulce de leche, pepitoria, zapote con leche, caf\u00e9 con leche, mazap\u00e1n de almendra. La combinaci\u00f3n perfecta de los dulces m\u00e1s tradicionales.<\/p>\n","protected":false},"excerpt":{"rendered":"<p>Cajita surtida con: tamarindo, guayaba, coco, dulce de leche, pepitoria, zapote con leche, caf\u00e9 con leche, mazap\u00e1n de almendra. La combinaci\u00f3n perfecta de los dulces m\u00e1s tradicionales.<\/p>\n","protected":false},"featured_media":1750,"template":"","meta":{"nf_dc_page":""},"product_brand":[],"product_cat":[90],"product_tag":[],"class_list":{"0":"post-1137","1":"product","2":"type-product","3":"status-publish","4":"has-post-thumbnail","6":"product_cat-especiales","8":"first","9":"instock","10":"taxable","11":"shipping-taxable","12":"purchasable","13":"product-type-simple"},"jetpack_sharing_enabled":true,"_links":{"self":[{"href":"https:\/\/dulceselsombreron.com\/nuevo\/wp-json\/wp\/v2\/product\/1137","targetHints":{"allow":["GET"]}}],"collection":[{"href":"https:\/\/dulceselsombreron.com\/nuevo\/wp-json\/wp\/v2\/product"}],"about":[{"href":"https:\/\/dulceselsombreron.com\/nuevo\/wp-json\/wp\/v2\/types\/product"}],"wp:featuredmedia":[{"embeddable":true,"href":"https:\/\/dulceselsombreron.com\/nuevo\/wp-json\/wp\/v2\/media\/1750"}],"wp:attachment":[{"href":"https:\/\/dulceselsombreron.com\/nuevo\/wp-json\/wp\/v2\/media?parent=1137"}],"wp:term":[{"taxonomy":"product_brand","embeddable":true,"href":"https:\/\/dulceselsombreron.com\/nuevo\/wp-json\/wp\/v2\/product_brand?post=1137"},{"taxonomy":"product_cat","embeddable":true,"href":"https:\/\/dulceselsombreron.com\/nuevo\/wp-json\/wp\/v2\/product_cat?post=1137"},{"taxonomy":"product_tag","embeddable":true,"href":"https:\/\/dulceselsombreron.com\/nuevo\/wp-json\/wp\/v2\/product_tag?post=1137"}],"curies":[{"name":"wp","href":"https:\/\/api.w.org\/{rel}","templated":true}]}}